{"id":144,"date":"2025-07-24T18:06:55","date_gmt":"2025-07-24T18:06:55","guid":{"rendered":"https:\/\/tienda.brecha.com.uy\/?post_type=product&#038;p=144"},"modified":"2026-03-23T18:01:53","modified_gmt":"2026-03-23T18:01:53","slug":"arboles-de-montevideo","status":"publish","type":"product","link":"https:\/\/tienda.brecha.com.uy\/index.php\/producto\/arboles-de-montevideo\/","title":{"rendered":"\u00c1rboles de Montevideo"},"content":{"rendered":"<h4 class=\"bajada\">Un paseo ilustrado a trav\u00e9s de la flora urbana<\/h4>\n<p>Te invitamos a descubrir una cuidadosa selecci\u00f3n de cincuenta \u00e1rboles representativos que conforman la vegetaci\u00f3n de Montevideo y otras zonas urbanas de Uruguay. A trav\u00e9s de detallados textos e ilustraciones, aprender\u00e1s sobre el origen, las caracter\u00edsticas y el papel de cada especie en nuestro entorno. Desde los conocidos pl\u00e1tanos y para\u00edsos hasta las recientes incorporaciones, como las\u00a0<em>koelreuterias<\/em>\u00a0y\u00a0<em>chitalpas<\/em>, cada especie tiene una historia para contar. Algunas son nativas de Uruguay, como los ibirapit\u00e1s y lapachos, otras provienen de los bosques de Am\u00e9rica del Sur o Am\u00e9rica del Norte, de Europa o de remotos lugares de Asia.<br \/>\nEste libro se propone compartir conocimientos sobre los \u00e1rboles que nos rodean, destacando su belleza y su valiosa contribuci\u00f3n a la calidad de vida en las ciudades. Descubrir\u00e1s los notables beneficios que proporcionan, como su capacidad para purificar el aire y regular la temperatura, y su importancia como refugio para la fauna urbana.<br \/>\nEsta obra invita a comprender y apreciar el rico patrimonio vegetal que nos rodea, inspir\u00e1ndonos a valorar y cuidar los \u00e1rboles, esos seres imprescindibles de nuestro entorno urbano.<\/p>\n<p><strong>Elo\u00edsa Figueredo<\/strong>\u00a0(Montevideo, 1974). Es t\u00e9cnica en jardiner\u00eda y correctora editorial. Desde 2007 escribe sobre las plantas y las personas, y ha colaborado con art\u00edculos de divulgaci\u00f3n en diversos medios. En 2016 public\u00f3 el libro\u00a0<em>Arriba en las ramas<\/em>\u00a0(Tunita Ediciones, Santillana), ganador del premio Bartolom\u00e9 Hidalgo en la categor\u00eda Libro \u00c1lbum Infantil. Es docente en la Escuela de Jardiner\u00eda de la Intendencia de Montevideo y colabora con el peri\u00f3dico\u00a0<em>La Diaria<\/em>.<\/p>\n<p><strong>Javier Lage<\/strong>\u00a0(Montevideo, 1960). Es arquitecto e ilustrador bot\u00e1nico. Fue dibujante en el Museo y Jard\u00edn Bot\u00e1nico de Montevideo durante treinta a\u00f1os, y docente en la Facultad de Arquitectura (Udelar), en la Casa Municipal de la Cultura (Intendencia de Montevideo) y en la Escuela de Dise\u00f1o del Instituto Bios. Ha dise\u00f1ado varios proyectos paisaj\u00edsticos para estudios privados de arquitectura. Actualmente es director y docente de la Escuela de Jardiner\u00eda de la Intendencia de Montevideo e inspector de las comisiones patrimoniales para la preservaci\u00f3n de las especies vegetales de Montevideo. Es ilustrador cient\u00edfico para varias revistas arbitradas internacionales.<\/p>\n","protected":false},"excerpt":{"rendered":"<p><strong>3era. edici\u00f3n<\/strong><\/p>\n<p>Autores: Elo\u00edsa Figueredo y Javier Lage<\/p>\n","protected":false},"featured_media":195,"comment_status":"closed","ping_status":"closed","template":"","meta":[],"product_brand":[],"product_cat":[35,18,81],"product_tag":[113],"class_list":{"0":"post-144","1":"product","2":"type-product","3":"status-publish","4":"has-post-thumbnail","6":"product_cat-alter-ediciones","7":"product_cat-destacados","8":"product_cat-eloisa-figueredo-y-javier-lage","9":"product_tag-editoriales-amigas","11":"first","12":"instock","13":"shipping-taxable","14":"purchasable","15":"product-type-simple"},"yoast_head":"<!-- This site is optimized with the Yoast SEO plugin v27.6 - https:\/\/yoast.com\/product\/yoast-seo-wordpress\/ -->\n<title>\u00c1rboles de Montevideo - Tienda - Brecha<\/title>\n<meta name=\"robots\" content=\"index, follow, max-snippet:-1, max-image-preview:large, max-video-preview:-1\" \/>\n<link rel=\"canonical\" href=\"https:\/\/tienda.brecha.com.uy\/index.php\/producto\/arboles-de-montevideo\/\" \/>\n<meta property=\"og:locale\" content=\"es_ES\" \/>\n<meta property=\"og:type\" content=\"article\" \/>\n<meta property=\"og:title\" content=\"\u00c1rboles de Montevideo - Tienda - Brecha\" \/>\n<meta property=\"og:description\" content=\"3era. edici\u00f3n  Autores: Elo\u00edsa Figueredo y Javier Lage\" \/>\n<meta property=\"og:url\" content=\"https:\/\/tienda.brecha.com.uy\/index.php\/producto\/arboles-de-montevideo\/\" \/>\n<meta property=\"og:site_name\" content=\"Tienda - Brecha\" \/>\n<meta property=\"article:modified_time\" content=\"2026-03-23T18:01:53+00:00\" \/>\n<meta property=\"og:image\" content=\"https:\/\/tienda.brecha.com.uy\/wp-content\/uploads\/2025\/07\/item_arboles_.png\" \/>\n\t<meta property=\"og:image:width\" content=\"601\" \/>\n\t<meta property=\"og:image:height\" content=\"601\" \/>\n\t<meta property=\"og:image:type\" content=\"image\/png\" \/>\n<meta name=\"twitter:card\" content=\"summary_large_image\" \/>\n<meta name=\"twitter:label1\" content=\"Tiempo de lectura\" \/>\n\t<meta name=\"twitter:data1\" content=\"2 minutos\" \/>\n<script type=\"application\/ld+json\" class=\"yoast-schema-graph\">{\"@context\":\"https:\\\/\\\/schema.org\",\"@graph\":[{\"@type\":\"WebPage\",\"@id\":\"https:\\\/\\\/tienda.brecha.com.uy\\\/index.php\\\/producto\\\/arboles-de-montevideo\\\/\",\"url\":\"https:\\\/\\\/tienda.brecha.com.uy\\\/index.php\\\/producto\\\/arboles-de-montevideo\\\/\",\"name\":\"\u00c1rboles de Montevideo - Tienda - Brecha\",\"isPartOf\":{\"@id\":\"https:\\\/\\\/tienda.brecha.com.uy\\\/#website\"},\"primaryImageOfPage\":{\"@id\":\"https:\\\/\\\/tienda.brecha.com.uy\\\/index.php\\\/producto\\\/arboles-de-montevideo\\\/#primaryimage\"},\"image\":{\"@id\":\"https:\\\/\\\/tienda.brecha.com.uy\\\/index.php\\\/producto\\\/arboles-de-montevideo\\\/#primaryimage\"},\"thumbnailUrl\":\"https:\\\/\\\/tienda.brecha.com.uy\\\/wp-content\\\/uploads\\\/2025\\\/07\\\/item_arboles_.png\",\"datePublished\":\"2025-07-24T18:06:55+00:00\",\"dateModified\":\"2026-03-23T18:01:53+00:00\",\"breadcrumb\":{\"@id\":\"https:\\\/\\\/tienda.brecha.com.uy\\\/index.php\\\/producto\\\/arboles-de-montevideo\\\/#breadcrumb\"},\"inLanguage\":\"es\",\"potentialAction\":[{\"@type\":\"ReadAction\",\"target\":[\"https:\\\/\\\/tienda.brecha.com.uy\\\/index.php\\\/producto\\\/arboles-de-montevideo\\\/\"]}]},{\"@type\":\"ImageObject\",\"inLanguage\":\"es\",\"@id\":\"https:\\\/\\\/tienda.brecha.com.uy\\\/index.php\\\/producto\\\/arboles-de-montevideo\\\/#primaryimage\",\"url\":\"https:\\\/\\\/tienda.brecha.com.uy\\\/wp-content\\\/uploads\\\/2025\\\/07\\\/item_arboles_.png\",\"contentUrl\":\"https:\\\/\\\/tienda.brecha.com.uy\\\/wp-content\\\/uploads\\\/2025\\\/07\\\/item_arboles_.png\",\"width\":601,\"height\":601},{\"@type\":\"BreadcrumbList\",\"@id\":\"https:\\\/\\\/tienda.brecha.com.uy\\\/index.php\\\/producto\\\/arboles-de-montevideo\\\/#breadcrumb\",\"itemListElement\":[{\"@type\":\"ListItem\",\"position\":1,\"name\":\"Portada\",\"item\":\"https:\\\/\\\/tienda.brecha.com.uy\\\/\"},{\"@type\":\"ListItem\",\"position\":2,\"name\":\"Tienda\",\"item\":\"https:\\\/\\\/tienda.brecha.com.uy\\\/index.php\\\/tienda\\\/\"},{\"@type\":\"ListItem\",\"position\":3,\"name\":\"\u00c1rboles de Montevideo\"}]},{\"@type\":\"WebSite\",\"@id\":\"https:\\\/\\\/tienda.brecha.com.uy\\\/#website\",\"url\":\"https:\\\/\\\/tienda.brecha.com.uy\\\/\",\"name\":\"Tienda - Brecha\",\"description\":\"\",\"publisher\":{\"@id\":\"https:\\\/\\\/tienda.brecha.com.uy\\\/#organization\"},\"potentialAction\":[{\"@type\":\"SearchAction\",\"target\":{\"@type\":\"EntryPoint\",\"urlTemplate\":\"https:\\\/\\\/tienda.brecha.com.uy\\\/?s={search_term_string}\"},\"query-input\":{\"@type\":\"PropertyValueSpecification\",\"valueRequired\":true,\"valueName\":\"search_term_string\"}}],\"inLanguage\":\"es\"},{\"@type\":\"Organization\",\"@id\":\"https:\\\/\\\/tienda.brecha.com.uy\\\/#organization\",\"name\":\"Tienda - Brecha\",\"url\":\"https:\\\/\\\/tienda.brecha.com.uy\\\/\",\"logo\":{\"@type\":\"ImageObject\",\"inLanguage\":\"es\",\"@id\":\"https:\\\/\\\/tienda.brecha.com.uy\\\/#\\\/schema\\\/logo\\\/image\\\/\",\"url\":\"https:\\\/\\\/tienda.brecha.com.uy\\\/wp-content\\\/uploads\\\/2025\\\/09\\\/cropped-Brechatienda.png\",\"contentUrl\":\"https:\\\/\\\/tienda.brecha.com.uy\\\/wp-content\\\/uploads\\\/2025\\\/09\\\/cropped-Brechatienda.png\",\"width\":240,\"height\":67,\"caption\":\"Tienda - Brecha\"},\"image\":{\"@id\":\"https:\\\/\\\/tienda.brecha.com.uy\\\/#\\\/schema\\\/logo\\\/image\\\/\"}}]}<\/script>\n<!-- \/ Yoast SEO plugin. -->","yoast_head_json":{"title":"\u00c1rboles de Montevideo - Tienda - Brecha","robots":{"index":"index","follow":"follow","max-snippet":"max-snippet:-1","max-image-preview":"max-image-preview:large","max-video-preview":"max-video-preview:-1"},"canonical":"https:\/\/tienda.brecha.com.uy\/index.php\/producto\/arboles-de-montevideo\/","og_locale":"es_ES","og_type":"article","og_title":"\u00c1rboles de Montevideo - Tienda - Brecha","og_description":"3era. edici\u00f3n  Autores: Elo\u00edsa Figueredo y Javier Lage","og_url":"https:\/\/tienda.brecha.com.uy\/index.php\/producto\/arboles-de-montevideo\/","og_site_name":"Tienda - Brecha","article_modified_time":"2026-03-23T18:01:53+00:00","og_image":[{"width":601,"height":601,"url":"https:\/\/tienda.brecha.com.uy\/wp-content\/uploads\/2025\/07\/item_arboles_.png","type":"image\/png"}],"twitter_card":"summary_large_image","twitter_misc":{"Tiempo de lectura":"2 minutos"},"schema":{"@context":"https:\/\/schema.org","@graph":[{"@type":"WebPage","@id":"https:\/\/tienda.brecha.com.uy\/index.php\/producto\/arboles-de-montevideo\/","url":"https:\/\/tienda.brecha.com.uy\/index.php\/producto\/arboles-de-montevideo\/","name":"\u00c1rboles de Montevideo - Tienda - Brecha","isPartOf":{"@id":"https:\/\/tienda.brecha.com.uy\/#website"},"primaryImageOfPage":{"@id":"https:\/\/tienda.brecha.com.uy\/index.php\/producto\/arboles-de-montevideo\/#primaryimage"},"image":{"@id":"https:\/\/tienda.brecha.com.uy\/index.php\/producto\/arboles-de-montevideo\/#primaryimage"},"thumbnailUrl":"https:\/\/tienda.brecha.com.uy\/wp-content\/uploads\/2025\/07\/item_arboles_.png","datePublished":"2025-07-24T18:06:55+00:00","dateModified":"2026-03-23T18:01:53+00:00","breadcrumb":{"@id":"https:\/\/tienda.brecha.com.uy\/index.php\/producto\/arboles-de-montevideo\/#breadcrumb"},"inLanguage":"es","potentialAction":[{"@type":"ReadAction","target":["https:\/\/tienda.brecha.com.uy\/index.php\/producto\/arboles-de-montevideo\/"]}]},{"@type":"ImageObject","inLanguage":"es","@id":"https:\/\/tienda.brecha.com.uy\/index.php\/producto\/arboles-de-montevideo\/#primaryimage","url":"https:\/\/tienda.brecha.com.uy\/wp-content\/uploads\/2025\/07\/item_arboles_.png","contentUrl":"https:\/\/tienda.brecha.com.uy\/wp-content\/uploads\/2025\/07\/item_arboles_.png","width":601,"height":601},{"@type":"BreadcrumbList","@id":"https:\/\/tienda.brecha.com.uy\/index.php\/producto\/arboles-de-montevideo\/#breadcrumb","itemListElement":[{"@type":"ListItem","position":1,"name":"Portada","item":"https:\/\/tienda.brecha.com.uy\/"},{"@type":"ListItem","position":2,"name":"Tienda","item":"https:\/\/tienda.brecha.com.uy\/index.php\/tienda\/"},{"@type":"ListItem","position":3,"name":"\u00c1rboles de Montevideo"}]},{"@type":"WebSite","@id":"https:\/\/tienda.brecha.com.uy\/#website","url":"https:\/\/tienda.brecha.com.uy\/","name":"Tienda - Brecha","description":"","publisher":{"@id":"https:\/\/tienda.brecha.com.uy\/#organization"},"potentialAction":[{"@type":"SearchAction","target":{"@type":"EntryPoint","urlTemplate":"https:\/\/tienda.brecha.com.uy\/?s={search_term_string}"},"query-input":{"@type":"PropertyValueSpecification","valueRequired":true,"valueName":"search_term_string"}}],"inLanguage":"es"},{"@type":"Organization","@id":"https:\/\/tienda.brecha.com.uy\/#organization","name":"Tienda - Brecha","url":"https:\/\/tienda.brecha.com.uy\/","logo":{"@type":"ImageObject","inLanguage":"es","@id":"https:\/\/tienda.brecha.com.uy\/#\/schema\/logo\/image\/","url":"https:\/\/tienda.brecha.com.uy\/wp-content\/uploads\/2025\/09\/cropped-Brechatienda.png","contentUrl":"https:\/\/tienda.brecha.com.uy\/wp-content\/uploads\/2025\/09\/cropped-Brechatienda.png","width":240,"height":67,"caption":"Tienda - Brecha"},"image":{"@id":"https:\/\/tienda.brecha.com.uy\/#\/schema\/logo\/image\/"}}]}},"jetpack_sharing_enabled":true,"_links":{"self":[{"href":"https:\/\/tienda.brecha.com.uy\/index.php\/wp-json\/wp\/v2\/product\/144","targetHints":{"allow":["GET"]}}],"collection":[{"href":"https:\/\/tienda.brecha.com.uy\/index.php\/wp-json\/wp\/v2\/product"}],"about":[{"href":"https:\/\/tienda.brecha.com.uy\/index.php\/wp-json\/wp\/v2\/types\/product"}],"replies":[{"embeddable":true,"href":"https:\/\/tienda.brecha.com.uy\/index.php\/wp-json\/wp\/v2\/comments?post=144"}],"wp:featuredmedia":[{"embeddable":true,"href":"https:\/\/tienda.brecha.com.uy\/index.php\/wp-json\/wp\/v2\/media\/195"}],"wp:attachment":[{"href":"https:\/\/tienda.brecha.com.uy\/index.php\/wp-json\/wp\/v2\/media?parent=144"}],"wp:term":[{"taxonomy":"product_brand","embeddable":true,"href":"https:\/\/tienda.brecha.com.uy\/index.php\/wp-json\/wp\/v2\/product_brand?post=144"},{"taxonomy":"product_cat","embeddable":true,"href":"https:\/\/tienda.brecha.com.uy\/index.php\/wp-json\/wp\/v2\/product_cat?post=144"},{"taxonomy":"product_tag","embeddable":true,"href":"https:\/\/tienda.brecha.com.uy\/index.php\/wp-json\/wp\/v2\/product_tag?post=144"}],"curies":[{"name":"wp","href":"https:\/\/api.w.org\/{rel}","templated":true}]}}