{"id":209,"date":"2025-07-24T18:07:19","date_gmt":"2025-07-24T18:07:19","guid":{"rendered":"https:\/\/tienda.brecha.com.uy\/?post_type=product&#038;p=209"},"modified":"2025-09-22T20:40:53","modified_gmt":"2025-09-22T20:40:53","slug":"la-existencia-esta-en-otra-parte","status":"publish","type":"product","link":"https:\/\/tienda.brecha.com.uy\/index.php\/producto\/la-existencia-esta-en-otra-parte\/","title":{"rendered":"La existencia est\u00e1 en otra parte"},"content":{"rendered":"<div class=\"large-10 col pb-0 mb-0\">\n<div class=\"panel entry-content\">\n<p>En el\u00a0<i>Primer manifiesto surrealista\u00a0<\/i>(1924), Andr\u00e9 Breton propuso otorgar supremac\u00eda a la actividad on\u00edrica: sumergirse en sus laberintos, dejarse arremolinar por sus corrientes y navegar, mancos de remos, en sus aguas.<\/p>\n<p>En esta antolog\u00eda, veinticinco escritoras y escritores que pertenecen a lo mejor de las letras uruguayas narran a partir de sus sue\u00f1os<i>.\u00a0<\/i>La inminencia de un desastre; el palpitar de una duda que desconoce lo conocido; un volc\u00e1n que estalla por las noches; ladridos que son peces. Amir Hamed con un gab\u00e1n viejo sobre una camisa brillosa. Marosa con lentes de gato frente a los focos del set. Preguntas como: \u00bfpor qu\u00e9 a veces, al contemplar los \u00e1rboles, piensas en candelabros?<\/p>\n<p>Toda revoluci\u00f3n produce ondas expansivas; sacude, despabila, provoca. Ese \u00edmpetu disruptivo de la revoluci\u00f3n surrealista es lo que viene a celebrar, un siglo despu\u00e9s, este libro.<\/p>\n<p><b>Virginia M\u00f3rtola<\/b>\u00a0(Montevideo, 1975)<\/p>\n<p>Es escritora, psicoanalista, docente y tallerista. Mag\u00edster en Libros y Literatura para Ni\u00f1os y J\u00f3venes por la Universidad Aut\u00f3noma de Barcelona. Creadora y responsable de\u00a0<i>T\u00faquiti. Portal de literatura infantil y juvenil.<\/i><\/p>\n<p>Ha publicado los libros para ni\u00f1as y ni\u00f1os:\u00a0<i>La ventana de papel\u00a0<\/i>(Fin de Siglo, 2018),\u00a0Premio \u00d3pera Prima del Ministerio de Educaci\u00f3n y Cultura (mec);\u00a0<i>Cuentos de disparate y terror<\/i>\u00a0(Fin de Siglo, 2019);<i>\u00a0\u00a1Sim sala bim! Tres palabras m\u00e1gicas\u00a0<\/i>(Criatura, 2019), menci\u00f3n en los Premios del\u00a0mec;<i>\u00a0Estrafalarius. Postales de una vida<\/i>\u00a0(Alfaguara, 2021);\u00a0<i>Jard\u00edn ambulante\u00a0<\/i>(Criatura, 2021), Premio Nacional de Literatura Infantil-Juvenil\u00a0del\u00a0mec, y\u00a0<i>Ema y las abejas\u00a0<\/i>(Syncreticpress, 2022). Fue tres veces finalista de los Premios Bartolom\u00e9 Hidalgo en la categor\u00eda literatura infantil-juvenil.<\/p>\n<p>Para adultos public\u00f3\u00a0<i>Ni Dios sab\u00eda<\/i> (Fin de Siglo, 2022), Premio Nacional de Literatura del MEC en 2023.<\/p>\n<\/div>\n<\/div>\n","protected":false},"excerpt":{"rendered":"<p>Autora: Virginia M\u00f3rtola<\/p>\n","protected":false},"featured_media":221,"comment_status":"closed","ping_status":"closed","template":"","meta":[],"product_brand":[],"product_cat":[95,103],"product_tag":[113],"class_list":{"0":"post-209","1":"product","2":"type-product","3":"status-publish","4":"has-post-thumbnail","6":"product_cat-editorial-fin-de-siglo","7":"product_cat-virginia-mortola","8":"product_tag-editoriales-amigas","10":"first","11":"instock","12":"shipping-taxable","13":"purchasable","14":"product-type-simple"},"yoast_head":"<!-- This site is optimized with the Yoast SEO plugin v27.6 - https:\/\/yoast.com\/product\/yoast-seo-wordpress\/ -->\n<title>La existencia est\u00e1 en otra parte - Tienda - Brecha<\/title>\n<meta name=\"robots\" content=\"index, follow, max-snippet:-1, max-image-preview:large, max-video-preview:-1\" \/>\n<link rel=\"canonical\" href=\"https:\/\/tienda.brecha.com.uy\/index.php\/producto\/la-existencia-esta-en-otra-parte\/\" \/>\n<meta property=\"og:locale\" content=\"es_ES\" \/>\n<meta property=\"og:type\" content=\"article\" \/>\n<meta property=\"og:title\" content=\"La existencia est\u00e1 en otra parte - Tienda - Brecha\" \/>\n<meta property=\"og:description\" content=\"Autora: Virginia M\u00f3rtola\" \/>\n<meta property=\"og:url\" content=\"https:\/\/tienda.brecha.com.uy\/index.php\/producto\/la-existencia-esta-en-otra-parte\/\" \/>\n<meta property=\"og:site_name\" content=\"Tienda - Brecha\" \/>\n<meta property=\"article:modified_time\" content=\"2025-09-22T20:40:53+00:00\" \/>\n<meta property=\"og:image\" content=\"https:\/\/tienda.brecha.com.uy\/wp-content\/uploads\/2025\/07\/20.png\" \/>\n\t<meta property=\"og:image:width\" content=\"601\" \/>\n\t<meta property=\"og:image:height\" content=\"601\" \/>\n\t<meta property=\"og:image:type\" content=\"image\/png\" \/>\n<meta name=\"twitter:card\" content=\"summary_large_image\" \/>\n<meta name=\"twitter:label1\" content=\"Tiempo de lectura\" \/>\n\t<meta name=\"twitter:data1\" content=\"2 minutos\" \/>\n<script type=\"application\/ld+json\" class=\"yoast-schema-graph\">{\"@context\":\"https:\\\/\\\/schema.org\",\"@graph\":[{\"@type\":\"WebPage\",\"@id\":\"https:\\\/\\\/tienda.brecha.com.uy\\\/index.php\\\/producto\\\/la-existencia-esta-en-otra-parte\\\/\",\"url\":\"https:\\\/\\\/tienda.brecha.com.uy\\\/index.php\\\/producto\\\/la-existencia-esta-en-otra-parte\\\/\",\"name\":\"La existencia est\u00e1 en otra parte - Tienda - Brecha\",\"isPartOf\":{\"@id\":\"https:\\\/\\\/tienda.brecha.com.uy\\\/#website\"},\"primaryImageOfPage\":{\"@id\":\"https:\\\/\\\/tienda.brecha.com.uy\\\/index.php\\\/producto\\\/la-existencia-esta-en-otra-parte\\\/#primaryimage\"},\"image\":{\"@id\":\"https:\\\/\\\/tienda.brecha.com.uy\\\/index.php\\\/producto\\\/la-existencia-esta-en-otra-parte\\\/#primaryimage\"},\"thumbnailUrl\":\"https:\\\/\\\/tienda.brecha.com.uy\\\/wp-content\\\/uploads\\\/2025\\\/07\\\/20.png\",\"datePublished\":\"2025-07-24T18:07:19+00:00\",\"dateModified\":\"2025-09-22T20:40:53+00:00\",\"breadcrumb\":{\"@id\":\"https:\\\/\\\/tienda.brecha.com.uy\\\/index.php\\\/producto\\\/la-existencia-esta-en-otra-parte\\\/#breadcrumb\"},\"inLanguage\":\"es\",\"potentialAction\":[{\"@type\":\"ReadAction\",\"target\":[\"https:\\\/\\\/tienda.brecha.com.uy\\\/index.php\\\/producto\\\/la-existencia-esta-en-otra-parte\\\/\"]}]},{\"@type\":\"ImageObject\",\"inLanguage\":\"es\",\"@id\":\"https:\\\/\\\/tienda.brecha.com.uy\\\/index.php\\\/producto\\\/la-existencia-esta-en-otra-parte\\\/#primaryimage\",\"url\":\"https:\\\/\\\/tienda.brecha.com.uy\\\/wp-content\\\/uploads\\\/2025\\\/07\\\/20.png\",\"contentUrl\":\"https:\\\/\\\/tienda.brecha.com.uy\\\/wp-content\\\/uploads\\\/2025\\\/07\\\/20.png\",\"width\":601,\"height\":601},{\"@type\":\"BreadcrumbList\",\"@id\":\"https:\\\/\\\/tienda.brecha.com.uy\\\/index.php\\\/producto\\\/la-existencia-esta-en-otra-parte\\\/#breadcrumb\",\"itemListElement\":[{\"@type\":\"ListItem\",\"position\":1,\"name\":\"Portada\",\"item\":\"https:\\\/\\\/tienda.brecha.com.uy\\\/\"},{\"@type\":\"ListItem\",\"position\":2,\"name\":\"Tienda\",\"item\":\"https:\\\/\\\/tienda.brecha.com.uy\\\/index.php\\\/tienda\\\/\"},{\"@type\":\"ListItem\",\"position\":3,\"name\":\"La existencia est\u00e1 en otra parte\"}]},{\"@type\":\"WebSite\",\"@id\":\"https:\\\/\\\/tienda.brecha.com.uy\\\/#website\",\"url\":\"https:\\\/\\\/tienda.brecha.com.uy\\\/\",\"name\":\"Tienda - Brecha\",\"description\":\"\",\"publisher\":{\"@id\":\"https:\\\/\\\/tienda.brecha.com.uy\\\/#organization\"},\"potentialAction\":[{\"@type\":\"SearchAction\",\"target\":{\"@type\":\"EntryPoint\",\"urlTemplate\":\"https:\\\/\\\/tienda.brecha.com.uy\\\/?s={search_term_string}\"},\"query-input\":{\"@type\":\"PropertyValueSpecification\",\"valueRequired\":true,\"valueName\":\"search_term_string\"}}],\"inLanguage\":\"es\"},{\"@type\":\"Organization\",\"@id\":\"https:\\\/\\\/tienda.brecha.com.uy\\\/#organization\",\"name\":\"Tienda - Brecha\",\"url\":\"https:\\\/\\\/tienda.brecha.com.uy\\\/\",\"logo\":{\"@type\":\"ImageObject\",\"inLanguage\":\"es\",\"@id\":\"https:\\\/\\\/tienda.brecha.com.uy\\\/#\\\/schema\\\/logo\\\/image\\\/\",\"url\":\"https:\\\/\\\/tienda.brecha.com.uy\\\/wp-content\\\/uploads\\\/2025\\\/09\\\/cropped-Brechatienda.png\",\"contentUrl\":\"https:\\\/\\\/tienda.brecha.com.uy\\\/wp-content\\\/uploads\\\/2025\\\/09\\\/cropped-Brechatienda.png\",\"width\":240,\"height\":67,\"caption\":\"Tienda - Brecha\"},\"image\":{\"@id\":\"https:\\\/\\\/tienda.brecha.com.uy\\\/#\\\/schema\\\/logo\\\/image\\\/\"}}]}<\/script>\n<!-- \/ Yoast SEO plugin. -->","yoast_head_json":{"title":"La existencia est\u00e1 en otra parte - Tienda - Brecha","robots":{"index":"index","follow":"follow","max-snippet":"max-snippet:-1","max-image-preview":"max-image-preview:large","max-video-preview":"max-video-preview:-1"},"canonical":"https:\/\/tienda.brecha.com.uy\/index.php\/producto\/la-existencia-esta-en-otra-parte\/","og_locale":"es_ES","og_type":"article","og_title":"La existencia est\u00e1 en otra parte - Tienda - Brecha","og_description":"Autora: Virginia M\u00f3rtola","og_url":"https:\/\/tienda.brecha.com.uy\/index.php\/producto\/la-existencia-esta-en-otra-parte\/","og_site_name":"Tienda - Brecha","article_modified_time":"2025-09-22T20:40:53+00:00","og_image":[{"width":601,"height":601,"url":"https:\/\/tienda.brecha.com.uy\/wp-content\/uploads\/2025\/07\/20.png","type":"image\/png"}],"twitter_card":"summary_large_image","twitter_misc":{"Tiempo de lectura":"2 minutos"},"schema":{"@context":"https:\/\/schema.org","@graph":[{"@type":"WebPage","@id":"https:\/\/tienda.brecha.com.uy\/index.php\/producto\/la-existencia-esta-en-otra-parte\/","url":"https:\/\/tienda.brecha.com.uy\/index.php\/producto\/la-existencia-esta-en-otra-parte\/","name":"La existencia est\u00e1 en otra parte - Tienda - Brecha","isPartOf":{"@id":"https:\/\/tienda.brecha.com.uy\/#website"},"primaryImageOfPage":{"@id":"https:\/\/tienda.brecha.com.uy\/index.php\/producto\/la-existencia-esta-en-otra-parte\/#primaryimage"},"image":{"@id":"https:\/\/tienda.brecha.com.uy\/index.php\/producto\/la-existencia-esta-en-otra-parte\/#primaryimage"},"thumbnailUrl":"https:\/\/tienda.brecha.com.uy\/wp-content\/uploads\/2025\/07\/20.png","datePublished":"2025-07-24T18:07:19+00:00","dateModified":"2025-09-22T20:40:53+00:00","breadcrumb":{"@id":"https:\/\/tienda.brecha.com.uy\/index.php\/producto\/la-existencia-esta-en-otra-parte\/#breadcrumb"},"inLanguage":"es","potentialAction":[{"@type":"ReadAction","target":["https:\/\/tienda.brecha.com.uy\/index.php\/producto\/la-existencia-esta-en-otra-parte\/"]}]},{"@type":"ImageObject","inLanguage":"es","@id":"https:\/\/tienda.brecha.com.uy\/index.php\/producto\/la-existencia-esta-en-otra-parte\/#primaryimage","url":"https:\/\/tienda.brecha.com.uy\/wp-content\/uploads\/2025\/07\/20.png","contentUrl":"https:\/\/tienda.brecha.com.uy\/wp-content\/uploads\/2025\/07\/20.png","width":601,"height":601},{"@type":"BreadcrumbList","@id":"https:\/\/tienda.brecha.com.uy\/index.php\/producto\/la-existencia-esta-en-otra-parte\/#breadcrumb","itemListElement":[{"@type":"ListItem","position":1,"name":"Portada","item":"https:\/\/tienda.brecha.com.uy\/"},{"@type":"ListItem","position":2,"name":"Tienda","item":"https:\/\/tienda.brecha.com.uy\/index.php\/tienda\/"},{"@type":"ListItem","position":3,"name":"La existencia est\u00e1 en otra parte"}]},{"@type":"WebSite","@id":"https:\/\/tienda.brecha.com.uy\/#website","url":"https:\/\/tienda.brecha.com.uy\/","name":"Tienda - Brecha","description":"","publisher":{"@id":"https:\/\/tienda.brecha.com.uy\/#organization"},"potentialAction":[{"@type":"SearchAction","target":{"@type":"EntryPoint","urlTemplate":"https:\/\/tienda.brecha.com.uy\/?s={search_term_string}"},"query-input":{"@type":"PropertyValueSpecification","valueRequired":true,"valueName":"search_term_string"}}],"inLanguage":"es"},{"@type":"Organization","@id":"https:\/\/tienda.brecha.com.uy\/#organization","name":"Tienda - Brecha","url":"https:\/\/tienda.brecha.com.uy\/","logo":{"@type":"ImageObject","inLanguage":"es","@id":"https:\/\/tienda.brecha.com.uy\/#\/schema\/logo\/image\/","url":"https:\/\/tienda.brecha.com.uy\/wp-content\/uploads\/2025\/09\/cropped-Brechatienda.png","contentUrl":"https:\/\/tienda.brecha.com.uy\/wp-content\/uploads\/2025\/09\/cropped-Brechatienda.png","width":240,"height":67,"caption":"Tienda - Brecha"},"image":{"@id":"https:\/\/tienda.brecha.com.uy\/#\/schema\/logo\/image\/"}}]}},"jetpack_sharing_enabled":true,"_links":{"self":[{"href":"https:\/\/tienda.brecha.com.uy\/index.php\/wp-json\/wp\/v2\/product\/209","targetHints":{"allow":["GET"]}}],"collection":[{"href":"https:\/\/tienda.brecha.com.uy\/index.php\/wp-json\/wp\/v2\/product"}],"about":[{"href":"https:\/\/tienda.brecha.com.uy\/index.php\/wp-json\/wp\/v2\/types\/product"}],"replies":[{"embeddable":true,"href":"https:\/\/tienda.brecha.com.uy\/index.php\/wp-json\/wp\/v2\/comments?post=209"}],"wp:featuredmedia":[{"embeddable":true,"href":"https:\/\/tienda.brecha.com.uy\/index.php\/wp-json\/wp\/v2\/media\/221"}],"wp:attachment":[{"href":"https:\/\/tienda.brecha.com.uy\/index.php\/wp-json\/wp\/v2\/media?parent=209"}],"wp:term":[{"taxonomy":"product_brand","embeddable":true,"href":"https:\/\/tienda.brecha.com.uy\/index.php\/wp-json\/wp\/v2\/product_brand?post=209"},{"taxonomy":"product_cat","embeddable":true,"href":"https:\/\/tienda.brecha.com.uy\/index.php\/wp-json\/wp\/v2\/product_cat?post=209"},{"taxonomy":"product_tag","embeddable":true,"href":"https:\/\/tienda.brecha.com.uy\/index.php\/wp-json\/wp\/v2\/product_tag?post=209"}],"curies":[{"name":"wp","href":"https:\/\/api.w.org\/{rel}","templated":true}]}}