{"id":96,"date":"2025-07-24T18:06:41","date_gmt":"2025-07-24T18:06:41","guid":{"rendered":"https:\/\/tienda.brecha.com.uy\/?post_type=product&#038;p=96"},"modified":"2025-09-22T20:51:39","modified_gmt":"2025-09-22T20:51:39","slug":"la-burocracia-del-castigo-el-conflicto-y-sus-respuestas-en-la-ensenanza-media-en-uruguay","status":"publish","type":"product","link":"https:\/\/tienda.brecha.com.uy\/index.php\/producto\/la-burocracia-del-castigo-el-conflicto-y-sus-respuestas-en-la-ensenanza-media-en-uruguay\/","title":{"rendered":"La burocracia del castigo."},"content":{"rendered":"<p>El equipo investig\u00f3 el impacto de la violencia social en la construcci\u00f3n de identidades y subjetividades en adolescentes y j\u00f3venes, con \u00e9nfasis en las din\u00e1micas excluyentes que se producen en el sistema educativo. El abordaje de posibles salidas a la reproducci\u00f3n de estas pr\u00e1cticas en la educaci\u00f3n es una constante de la investigaci\u00f3n, que se realiz\u00f3 en di\u00e1logo con integrantes de instituciones educativas y de la sociedad civil, as\u00ed como con investigadores de la regi\u00f3n. A la luz de procesos reunidos bajo el problema de la \u201cviolencia en la escuela\u201d, \u201cla falta de respeto\u201d o la \u201ccrisis de valores\u201d (o de la educaci\u00f3n) reflexion\u00f3 sobre las tradiciones escolares, la educaci\u00f3n p\u00fablica en los sectores populares, las formas de participaci\u00f3n ciudadana y las din\u00e1micas del castigo y la exclusi\u00f3n en la educaci\u00f3n uruguaya.<\/p>\n<p>Este texto es el resultado de varios a\u00f1os de trabajo con los colectivos docentes y los estudiantes, mediante espacios de discusi\u00f3n, de actividades recreativas, art\u00edsticas y deportivas en las que se puso en cuesti\u00f3n el espacio escolar y sus derivas.<\/p>\n","protected":false},"excerpt":{"rendered":"<p>El conflicto y sus respuestas en la ense\u00f1anza media en Uruguay<\/p>\n<p>Autores: Nilia Viscardi, Ver\u00f3nica Habiaga, Leonel Rivero<\/p>\n<p>&nbsp;<\/p>\n","protected":false},"featured_media":126,"comment_status":"closed","ping_status":"closed","template":"","meta":[],"product_brand":[],"product_cat":[25,60,61,55,62],"product_tag":[113],"class_list":{"0":"post-96","1":"product","2":"type-product","3":"status-publish","4":"has-post-thumbnail","6":"product_cat-ensayo","7":"product_cat-leonel-rivero","8":"product_cat-nilia-viscardi","9":"product_cat-sujetos-editores","10":"product_cat-veronica-habiaga","11":"product_tag-editoriales-amigas","13":"first","14":"instock","15":"purchasable","16":"product-type-simple"},"yoast_head":"<!-- This site is optimized with the Yoast SEO plugin v27.6 - https:\/\/yoast.com\/product\/yoast-seo-wordpress\/ -->\n<title>La burocracia del castigo. - Tienda - Brecha<\/title>\n<meta name=\"robots\" content=\"index, follow, max-snippet:-1, max-image-preview:large, max-video-preview:-1\" \/>\n<link rel=\"canonical\" href=\"https:\/\/tienda.brecha.com.uy\/index.php\/producto\/la-burocracia-del-castigo-el-conflicto-y-sus-respuestas-en-la-ensenanza-media-en-uruguay\/\" \/>\n<meta property=\"og:locale\" content=\"es_ES\" \/>\n<meta property=\"og:type\" content=\"article\" \/>\n<meta property=\"og:title\" content=\"La burocracia del castigo. - Tienda - Brecha\" \/>\n<meta property=\"og:description\" content=\"El conflicto y sus respuestas en la ense\u00f1anza media en Uruguay  Autores: Nilia Viscardi, Ver\u00f3nica Habiaga, Leonel Rivero  &nbsp;\" \/>\n<meta property=\"og:url\" content=\"https:\/\/tienda.brecha.com.uy\/index.php\/producto\/la-burocracia-del-castigo-el-conflicto-y-sus-respuestas-en-la-ensenanza-media-en-uruguay\/\" \/>\n<meta property=\"og:site_name\" content=\"Tienda - Brecha\" \/>\n<meta property=\"article:modified_time\" content=\"2025-09-22T20:51:39+00:00\" \/>\n<meta property=\"og:image\" content=\"https:\/\/tienda.brecha.com.uy\/wp-content\/uploads\/2025\/07\/burocraciadelcastigo.png\" \/>\n\t<meta property=\"og:image:width\" content=\"600\" \/>\n\t<meta property=\"og:image:height\" content=\"600\" \/>\n\t<meta property=\"og:image:type\" content=\"image\/png\" \/>\n<meta name=\"twitter:card\" content=\"summary_large_image\" \/>\n<meta name=\"twitter:label1\" content=\"Tiempo de lectura\" \/>\n\t<meta name=\"twitter:data1\" content=\"1 minuto\" \/>\n<script type=\"application\/ld+json\" class=\"yoast-schema-graph\">{\"@context\":\"https:\\\/\\\/schema.org\",\"@graph\":[{\"@type\":\"WebPage\",\"@id\":\"https:\\\/\\\/tienda.brecha.com.uy\\\/index.php\\\/producto\\\/la-burocracia-del-castigo-el-conflicto-y-sus-respuestas-en-la-ensenanza-media-en-uruguay\\\/\",\"url\":\"https:\\\/\\\/tienda.brecha.com.uy\\\/index.php\\\/producto\\\/la-burocracia-del-castigo-el-conflicto-y-sus-respuestas-en-la-ensenanza-media-en-uruguay\\\/\",\"name\":\"La burocracia del castigo. - Tienda - Brecha\",\"isPartOf\":{\"@id\":\"https:\\\/\\\/tienda.brecha.com.uy\\\/#website\"},\"primaryImageOfPage\":{\"@id\":\"https:\\\/\\\/tienda.brecha.com.uy\\\/index.php\\\/producto\\\/la-burocracia-del-castigo-el-conflicto-y-sus-respuestas-en-la-ensenanza-media-en-uruguay\\\/#primaryimage\"},\"image\":{\"@id\":\"https:\\\/\\\/tienda.brecha.com.uy\\\/index.php\\\/producto\\\/la-burocracia-del-castigo-el-conflicto-y-sus-respuestas-en-la-ensenanza-media-en-uruguay\\\/#primaryimage\"},\"thumbnailUrl\":\"https:\\\/\\\/tienda.brecha.com.uy\\\/wp-content\\\/uploads\\\/2025\\\/07\\\/burocraciadelcastigo.png\",\"datePublished\":\"2025-07-24T18:06:41+00:00\",\"dateModified\":\"2025-09-22T20:51:39+00:00\",\"breadcrumb\":{\"@id\":\"https:\\\/\\\/tienda.brecha.com.uy\\\/index.php\\\/producto\\\/la-burocracia-del-castigo-el-conflicto-y-sus-respuestas-en-la-ensenanza-media-en-uruguay\\\/#breadcrumb\"},\"inLanguage\":\"es\",\"potentialAction\":[{\"@type\":\"ReadAction\",\"target\":[\"https:\\\/\\\/tienda.brecha.com.uy\\\/index.php\\\/producto\\\/la-burocracia-del-castigo-el-conflicto-y-sus-respuestas-en-la-ensenanza-media-en-uruguay\\\/\"]}]},{\"@type\":\"ImageObject\",\"inLanguage\":\"es\",\"@id\":\"https:\\\/\\\/tienda.brecha.com.uy\\\/index.php\\\/producto\\\/la-burocracia-del-castigo-el-conflicto-y-sus-respuestas-en-la-ensenanza-media-en-uruguay\\\/#primaryimage\",\"url\":\"https:\\\/\\\/tienda.brecha.com.uy\\\/wp-content\\\/uploads\\\/2025\\\/07\\\/burocraciadelcastigo.png\",\"contentUrl\":\"https:\\\/\\\/tienda.brecha.com.uy\\\/wp-content\\\/uploads\\\/2025\\\/07\\\/burocraciadelcastigo.png\",\"width\":600,\"height\":600},{\"@type\":\"BreadcrumbList\",\"@id\":\"https:\\\/\\\/tienda.brecha.com.uy\\\/index.php\\\/producto\\\/la-burocracia-del-castigo-el-conflicto-y-sus-respuestas-en-la-ensenanza-media-en-uruguay\\\/#breadcrumb\",\"itemListElement\":[{\"@type\":\"ListItem\",\"position\":1,\"name\":\"Portada\",\"item\":\"https:\\\/\\\/tienda.brecha.com.uy\\\/\"},{\"@type\":\"ListItem\",\"position\":2,\"name\":\"Tienda\",\"item\":\"https:\\\/\\\/tienda.brecha.com.uy\\\/index.php\\\/tienda\\\/\"},{\"@type\":\"ListItem\",\"position\":3,\"name\":\"La burocracia del castigo.\"}]},{\"@type\":\"WebSite\",\"@id\":\"https:\\\/\\\/tienda.brecha.com.uy\\\/#website\",\"url\":\"https:\\\/\\\/tienda.brecha.com.uy\\\/\",\"name\":\"Tienda - Brecha\",\"description\":\"\",\"publisher\":{\"@id\":\"https:\\\/\\\/tienda.brecha.com.uy\\\/#organization\"},\"potentialAction\":[{\"@type\":\"SearchAction\",\"target\":{\"@type\":\"EntryPoint\",\"urlTemplate\":\"https:\\\/\\\/tienda.brecha.com.uy\\\/?s={search_term_string}\"},\"query-input\":{\"@type\":\"PropertyValueSpecification\",\"valueRequired\":true,\"valueName\":\"search_term_string\"}}],\"inLanguage\":\"es\"},{\"@type\":\"Organization\",\"@id\":\"https:\\\/\\\/tienda.brecha.com.uy\\\/#organization\",\"name\":\"Tienda - Brecha\",\"url\":\"https:\\\/\\\/tienda.brecha.com.uy\\\/\",\"logo\":{\"@type\":\"ImageObject\",\"inLanguage\":\"es\",\"@id\":\"https:\\\/\\\/tienda.brecha.com.uy\\\/#\\\/schema\\\/logo\\\/image\\\/\",\"url\":\"https:\\\/\\\/tienda.brecha.com.uy\\\/wp-content\\\/uploads\\\/2025\\\/09\\\/cropped-Brechatienda.png\",\"contentUrl\":\"https:\\\/\\\/tienda.brecha.com.uy\\\/wp-content\\\/uploads\\\/2025\\\/09\\\/cropped-Brechatienda.png\",\"width\":240,\"height\":67,\"caption\":\"Tienda - Brecha\"},\"image\":{\"@id\":\"https:\\\/\\\/tienda.brecha.com.uy\\\/#\\\/schema\\\/logo\\\/image\\\/\"}}]}<\/script>\n<!-- \/ Yoast SEO plugin. -->","yoast_head_json":{"title":"La burocracia del castigo. - Tienda - Brecha","robots":{"index":"index","follow":"follow","max-snippet":"max-snippet:-1","max-image-preview":"max-image-preview:large","max-video-preview":"max-video-preview:-1"},"canonical":"https:\/\/tienda.brecha.com.uy\/index.php\/producto\/la-burocracia-del-castigo-el-conflicto-y-sus-respuestas-en-la-ensenanza-media-en-uruguay\/","og_locale":"es_ES","og_type":"article","og_title":"La burocracia del castigo. - Tienda - Brecha","og_description":"El conflicto y sus respuestas en la ense\u00f1anza media en Uruguay  Autores: Nilia Viscardi, Ver\u00f3nica Habiaga, Leonel Rivero  &nbsp;","og_url":"https:\/\/tienda.brecha.com.uy\/index.php\/producto\/la-burocracia-del-castigo-el-conflicto-y-sus-respuestas-en-la-ensenanza-media-en-uruguay\/","og_site_name":"Tienda - Brecha","article_modified_time":"2025-09-22T20:51:39+00:00","og_image":[{"width":600,"height":600,"url":"https:\/\/tienda.brecha.com.uy\/wp-content\/uploads\/2025\/07\/burocraciadelcastigo.png","type":"image\/png"}],"twitter_card":"summary_large_image","twitter_misc":{"Tiempo de lectura":"1 minuto"},"schema":{"@context":"https:\/\/schema.org","@graph":[{"@type":"WebPage","@id":"https:\/\/tienda.brecha.com.uy\/index.php\/producto\/la-burocracia-del-castigo-el-conflicto-y-sus-respuestas-en-la-ensenanza-media-en-uruguay\/","url":"https:\/\/tienda.brecha.com.uy\/index.php\/producto\/la-burocracia-del-castigo-el-conflicto-y-sus-respuestas-en-la-ensenanza-media-en-uruguay\/","name":"La burocracia del castigo. - Tienda - Brecha","isPartOf":{"@id":"https:\/\/tienda.brecha.com.uy\/#website"},"primaryImageOfPage":{"@id":"https:\/\/tienda.brecha.com.uy\/index.php\/producto\/la-burocracia-del-castigo-el-conflicto-y-sus-respuestas-en-la-ensenanza-media-en-uruguay\/#primaryimage"},"image":{"@id":"https:\/\/tienda.brecha.com.uy\/index.php\/producto\/la-burocracia-del-castigo-el-conflicto-y-sus-respuestas-en-la-ensenanza-media-en-uruguay\/#primaryimage"},"thumbnailUrl":"https:\/\/tienda.brecha.com.uy\/wp-content\/uploads\/2025\/07\/burocraciadelcastigo.png","datePublished":"2025-07-24T18:06:41+00:00","dateModified":"2025-09-22T20:51:39+00:00","breadcrumb":{"@id":"https:\/\/tienda.brecha.com.uy\/index.php\/producto\/la-burocracia-del-castigo-el-conflicto-y-sus-respuestas-en-la-ensenanza-media-en-uruguay\/#breadcrumb"},"inLanguage":"es","potentialAction":[{"@type":"ReadAction","target":["https:\/\/tienda.brecha.com.uy\/index.php\/producto\/la-burocracia-del-castigo-el-conflicto-y-sus-respuestas-en-la-ensenanza-media-en-uruguay\/"]}]},{"@type":"ImageObject","inLanguage":"es","@id":"https:\/\/tienda.brecha.com.uy\/index.php\/producto\/la-burocracia-del-castigo-el-conflicto-y-sus-respuestas-en-la-ensenanza-media-en-uruguay\/#primaryimage","url":"https:\/\/tienda.brecha.com.uy\/wp-content\/uploads\/2025\/07\/burocraciadelcastigo.png","contentUrl":"https:\/\/tienda.brecha.com.uy\/wp-content\/uploads\/2025\/07\/burocraciadelcastigo.png","width":600,"height":600},{"@type":"BreadcrumbList","@id":"https:\/\/tienda.brecha.com.uy\/index.php\/producto\/la-burocracia-del-castigo-el-conflicto-y-sus-respuestas-en-la-ensenanza-media-en-uruguay\/#breadcrumb","itemListElement":[{"@type":"ListItem","position":1,"name":"Portada","item":"https:\/\/tienda.brecha.com.uy\/"},{"@type":"ListItem","position":2,"name":"Tienda","item":"https:\/\/tienda.brecha.com.uy\/index.php\/tienda\/"},{"@type":"ListItem","position":3,"name":"La burocracia del castigo."}]},{"@type":"WebSite","@id":"https:\/\/tienda.brecha.com.uy\/#website","url":"https:\/\/tienda.brecha.com.uy\/","name":"Tienda - Brecha","description":"","publisher":{"@id":"https:\/\/tienda.brecha.com.uy\/#organization"},"potentialAction":[{"@type":"SearchAction","target":{"@type":"EntryPoint","urlTemplate":"https:\/\/tienda.brecha.com.uy\/?s={search_term_string}"},"query-input":{"@type":"PropertyValueSpecification","valueRequired":true,"valueName":"search_term_string"}}],"inLanguage":"es"},{"@type":"Organization","@id":"https:\/\/tienda.brecha.com.uy\/#organization","name":"Tienda - Brecha","url":"https:\/\/tienda.brecha.com.uy\/","logo":{"@type":"ImageObject","inLanguage":"es","@id":"https:\/\/tienda.brecha.com.uy\/#\/schema\/logo\/image\/","url":"https:\/\/tienda.brecha.com.uy\/wp-content\/uploads\/2025\/09\/cropped-Brechatienda.png","contentUrl":"https:\/\/tienda.brecha.com.uy\/wp-content\/uploads\/2025\/09\/cropped-Brechatienda.png","width":240,"height":67,"caption":"Tienda - Brecha"},"image":{"@id":"https:\/\/tienda.brecha.com.uy\/#\/schema\/logo\/image\/"}}]}},"jetpack_sharing_enabled":true,"_links":{"self":[{"href":"https:\/\/tienda.brecha.com.uy\/index.php\/wp-json\/wp\/v2\/product\/96","targetHints":{"allow":["GET"]}}],"collection":[{"href":"https:\/\/tienda.brecha.com.uy\/index.php\/wp-json\/wp\/v2\/product"}],"about":[{"href":"https:\/\/tienda.brecha.com.uy\/index.php\/wp-json\/wp\/v2\/types\/product"}],"replies":[{"embeddable":true,"href":"https:\/\/tienda.brecha.com.uy\/index.php\/wp-json\/wp\/v2\/comments?post=96"}],"wp:featuredmedia":[{"embeddable":true,"href":"https:\/\/tienda.brecha.com.uy\/index.php\/wp-json\/wp\/v2\/media\/126"}],"wp:attachment":[{"href":"https:\/\/tienda.brecha.com.uy\/index.php\/wp-json\/wp\/v2\/media?parent=96"}],"wp:term":[{"taxonomy":"product_brand","embeddable":true,"href":"https:\/\/tienda.brecha.com.uy\/index.php\/wp-json\/wp\/v2\/product_brand?post=96"},{"taxonomy":"product_cat","embeddable":true,"href":"https:\/\/tienda.brecha.com.uy\/index.php\/wp-json\/wp\/v2\/product_cat?post=96"},{"taxonomy":"product_tag","embeddable":true,"href":"https:\/\/tienda.brecha.com.uy\/index.php\/wp-json\/wp\/v2\/product_tag?post=96"}],"curies":[{"name":"wp","href":"https:\/\/api.w.org\/{rel}","templated":true}]}}